{"id":20,"date":"2010-08-31T00:24:03","date_gmt":"2010-08-30T20:24:03","guid":{"rendered":"http:\/\/andresdiezherrero.es\/web\/?page_id=20"},"modified":"2020-08-15T13:26:55","modified_gmt":"2020-08-15T09:26:55","slug":"riesgos-naturales","status":"publish","type":"page","link":"https:\/\/andresdiezherrero.es\/web\/riesgos\/riesgos-naturales","title":{"rendered":"Otros riesgos naturales"},"content":{"rendered":"<p>Para descargar las publicaciones que carecen de derechos de distribuci\u00f3n, dirigirse al perfil en la red social de investigadores ResearchGate: <a href=\"https:\/\/www.researchgate.net\/profile\/Andres_Diez-Herrero\" target=\"_blank\">https:\/\/www.researchgate.net\/profile\/Andres_Diez-Herrero<\/a><\/p>\n<p>&nbsp;<\/p>\n<p>DIEZ, A. y MARTIN, J.F. (1993). Fen\u00f3menos gravitacionales en el entorno de la ciudad de Segovia: an\u00e1lisis de riesgos y aplicaci\u00f3n a la ordenaci\u00f3n territorial. En ORTIZ, R. (Ed.). <em>Problem\u00e1tica geoambiental y desarrollo<\/em>, Tomo II, pp. 681-692, SEGAOT, Murcia; ISBN: 84-604-6291-9; D.L.: GU-165-1993. <a href=\"http:\/\/www.andresdiezherrero.es\/publicaciones\/\/capitulos_de_libros\/diez_y_martin_1993_gravitacional_segovia.pdf\" target=\"_blank\">PDF<\/a><\/p>\n<p>BODOQUE, J.M.; PEDRAZA, J.; MART\u00cdN-DUQUE, J.F.; SANZ, M.A.; CARRASCO, R.M.; D\u00cdEZ, A. Y MATTERA, M. (2001). Evaluaci\u00f3n de la degradaci\u00f3n espec\u00edfica en la cuenca vertiente al embalse de Puente Alta (Segovia) mediante m\u00e9todos de estimaci\u00f3n directos e indirectos. <em>Rev. Cuaternario y Geomorfolog\u00eda<\/em>, 15 (3-4), 21-36. ISSN 0214-1744; D.L. Z-113-1996. <a href=\"http:\/\/www.andresdiezherrero.es\/publicaciones\/\/articulos_en_revistas\/bodoque_et_al_2001_puente_alta.pdf\" target=\"_blank\">PDF<\/a><\/p>\n<p>BODOQUE, J.M.; D\u00cdEZ, A. ; MART\u00cdN-DUQUE, J.F.; G\u00d3MEZ, M.; GODFREY, A.; PEDRAZA, J.; CARRASCO, R.M. y SANZ, M.A. (2002): Determinaci\u00f3n de tasas de erosi\u00f3n utilizando m\u00e9todos dendrocronol\u00f3gicos en ra\u00edces expuestas. Dos ejemplos en la vertiente septentrional de la Sierra de Guadarrama. En: E. Serrano, A. Garc\u00eda de Celis, J.C. Guerra, C.G. Morales y M.T. Ortega (Eds.), <em>Estudios recientes (2000-2002) en Geomorfolog\u00eda. Patrimonio, monta\u00f1a y din\u00e1mica territorial<\/em>. P\u00e1gs. 167-182. Sociedad Espa\u00f1ola de Geomorfolog\u00eda y Departamento de Geograf\u00eda (Universidad de Valladolid), Valladolid. ISBN 607-5465-0; D.L. VA-745-2002. <a href=\"http:\/\/www.andresdiezherrero.es\/publicaciones\/\/capitulos_de_libros\/bodoque_et_al_2002_vii_reunion_geomorfologia.pdf\">PDF<\/a><\/p>\n<p>CARRASCO, R.M.; PEDRAZA, J. DE; MART\u00cdN-DUQUE, J.F.; MATTERA, M.; BODOQUE, J.; SANZ, M.A. Y D\u00cdEZ-HERRERO, A. (2002). Cartograf\u00eda de zonas de susceptibilidad o propensi\u00f3n a los movimientos en masa en el Valle del Jerte (Sistema Central espa\u00f1ol). En: AYALA, F.J. y COROMINAS, J. (Eds.), <em>Mapas de susceptibilidad a los movimientos de ladera con t\u00e9cnicas SIG. Fundamentos y aplicaciones en Espa\u00f1a<\/em>, Serie Medio Ambiente, n\u00ba 4, p\u00e1gs. 133-154, http:\/\/www.andresdiezherrero.es\/publicaciones\/ del Instituto Geol\u00f3gico y Minero de Espa\u00f1a, Ministerio de Ciencia y Tecnolog\u00eda, Madrid, 191 p\u00e1gs. ISBN 84-7840-466-X; NIPO 405-02-008-X; D.L. M-5853-2003. <a href=\"http:\/\/www.andresdiezherrero.es\/publicaciones\/\/capitulos_de_libros\/carrasco_et_al_2002_jerte.pdf\" target=\"_blank\">PDF<\/a><\/p>\n<p>BENITO, G. y D\u00cdEZ HERRERO, A. (2004). <em>Riesgos Naturales y Antr\u00f3picos en Geomorfolog\u00eda<\/em>. VIII Reuni\u00f3n Nacional de Geomorfolog\u00eda (Vol. II). Sociedad Espa\u00f1ola de Geomorfolog\u00eda y CSIC, 543 p\u00e1gs., Madrid. D.L. M-34453-2004; ISBN-84-921958-5-1. <a href=\"http:\/\/www.andresdiezherrero.es\/publicaciones\/\/libros\/benito_y_diez_herrero_2004_riesgos_indice.pdf\" target=\"_blank\">PDF \u00edndice<\/a><\/p>\n<p>BENITO, G. y D\u00cdEZ HERRERO, A. (2004). Riesgos Naturales y Antr\u00f3picos en Geomorfolog\u00eda. En: BENITO, G. y D\u00cdEZ HERRERO, A. (Eds.). <em>Riesgos Naturales y Antr\u00f3picos en Geomorfolog\u00eda<\/em>. VIII Reuni\u00f3n Nacional de Geomorfolog\u00eda (Vol. II), 15-22. Sociedad Espa\u00f1ola de Geomorfolog\u00eda y CSIC, 543 p\u00e1gs., Madrid. D.L. M-34453-2004; ISBN-84-921958-5-1. <a href=\"http:\/\/www.andresdiezherrero.es\/publicaciones\/\/capitulos_de_libros\/benito_y_diez_herrero_2004b.pdf\" target=\"_blank\">PDF<\/a><\/p>\n<p>BODOQUE, J.M.; D\u00cdEZ-HERRERO, A.; MART\u00cdN-DUQUE, J.F.; RUBIALES, J.M.; GODFREY, A.; PEDRAZA, J.; CARRASCO, R.M.; SANZ, M.A. (2005). Sheet erosion rates determined by using dendrogeomorphological analysis of exposed tree roots: Two examples from Central Spain<a href=\"http:\/\/geologiadesegovia.googlepages.com\/Bodoqueetal2005.pdf\">.<\/a> <em>Catena<\/em>, 64, 81-102; ISSN 0341-8162\/$, Elsevier Science B.V.<\/p>\n<p>BODOQUE, J.M.; D\u00cdEZ-HERRERO, A.; MART\u00cdN-DUQUE, J.F.; RUBIALES, J.M. (2007). Sheet erosion rates determined by using dendrogeomorphological analysis of exposed tree roots. <em>Geophysical Research Abstracts<\/em>, Vol. 9, 05548. Sref-ID: 1607-7962\/gra\/EGU2007-A-05548. Abstracts of the Contributions of the EGU General Assembly 2007, Vienna (Austria), 15-20 April 2007. European Geosciences Union. ISSN: 1029-7006. <a href=\"http:\/\/www.andresdiezherrero.es\/publicaciones\/\/resumenes_y_abstracts\/egu2007_j_05548.pdf\" target=\"_blank\">PDF<\/a><\/p>\n<p>RUBIALES, J.M.; BODOQUE, J.M.; D\u00cdEZ-HERRERO, A.; MART\u00cdN-DUQUE, J.F. (2007). Determination of first exposure year by using dendrogeomorphological analysis of Scots pine roots. <em>Geophysical Research Abstracts<\/em>, Vol. 9, 05566. Sref-ID: 1607-7962\/gra\/EGU2007-A-05566. Abstracts of the Contributions of the EGU General Assembly 2007, Vienna (Austria), 15-20 April 2007. European Geosciences Union. ISSN: 1029-7006. <a href=\"http:\/\/www.andresdiezherrero.es\/publicaciones\/\/resumenes_y_abstracts\/egu2007_j_05566.pdf\" target=\"_blank\">PDF<\/a><\/p>\n<p>D\u00cdEZ-HERRERO, A.; MOYA, J.; COROMINAS, J.; BODOQUE, J.M.; MUNT\u00c1N, E.; GUTI\u00c9RREZ, E.; OLLER, P.; FURDADA, G.; VILAPLANA, J.M.; MART\u00cdN-DUQUE, J.F.; RUBIALES, J.M.; G\u00c9NOVA, M.; GARC\u00cdA, C.; MART\u00cd, G.; BALLESTEROS, J.A. (2007). Dendrogeomorphological studies for natural hazards research in the Iberian Peninsula (Spain and Andorra). <em>Geophysical Research Abstracts<\/em>, Vol. 9, 07036. Sref-ID: 1607-7962\/gra\/EGU2007-A-07036. Abstracts of the Contributions of the EGU General Assembly 2007, Vienna (Austria), 15-20 April 2007. European Geosciences Union. ISSN: 1029-7006. <a href=\"http:\/\/www.andresdiezherrero.es\/publicaciones\/\/resumenes_y_abstracts\/egu2007_j_07036_1.pdf\" target=\"_blank\">PDF<\/a><\/p>\n<p>D\u00cdEZ HERRERO, A.; MART\u00cdN DUQUE, J.F. y VICENTE RODADO, F. (2008). Propuesta de actividad did\u00e1ctica de campo sobre riesgos geol\u00f3gicos en la zona centro de la pen\u00ednsula Ib\u00e9rica. En: A. CALONGE, L. REBOLLO, M.D. L\u00d3PEZ-CARRILLO, A. RODRIGO e I. R\u00c1BANO (Eds.), <em>Actas del XV Simposio sobre Ense\u00f1anza de la Geolog\u00eda<\/em>. http:\/\/www.andresdiezherrero.es\/publicaciones\/ del Instituto Geol\u00f3gico y Minero de Espa\u00f1a. Serie: Cuadernos del Museo Geominero, n\u00ba 11, 109-118. NIPO: 657-08-028-3; ISBN: 978-84-7840-765-1; D.L.: 29764-2008. <a href=\"http:\/\/www.andresdiezherrero.es\/publicaciones\/\/capitulos_de_libros\/diez_et_al_2008_a_todo_riesgo.pdf\" target=\"_blank\">PDF<\/a><\/p>\n<p>RUBIALES, J.M.; BODOQUE, J.M.; BALLESTEROS, J.A. y D\u00cdEZ-HERRERO, A. (2008). Utilizaci\u00f3n de la dendrogeomorfolog\u00eda como geoindicador para evaluar procesos de erosi\u00f3n. En: BENAVENTE, J. y GRACIA, F.J. (Eds.), <em>Trabajos de Geomorfolog\u00eda en Espa\u00f1a, 2006-2008<\/em>, X Reuni\u00f3n Nacional de Geomorfolog\u00eda, SEG y Universidad de C\u00e1diz, C\u00e1diz, 133-136. ISBN: 84-473-6226-4; D.L.: CA-559-2008. <a href=\"http:\/\/www.andresdiezherrero.es\/publicaciones\/\/capitulos_de_libros\/rubiales_et_al_2008_raices_anatomia.pdf\">PDF<\/a><\/p>\n<p>D\u00cdEZ HERRERO, A. (2008). Los riesgos geol\u00f3gicos y su estudio. En: REGUEIRO, M. (Ed.), <em>Gu\u00eda metodol\u00f3gica para la elaboraci\u00f3n de cartograf\u00edas de riesgos naturales en Espa\u00f1a<\/em>, pp. 21-28. Ministerio de Vivienda e Ilustre Colegio Oficial de Ge\u00f3logos. Madrid, 187 pp. NIPO: 751-08-032-9; D.L. M-5286-2008.<\/p>\n<p>RUBIALES, J.M.; BODOQUE, J.M.; BALLESTEROS, J.A. &amp; D\u00cdEZ-HERRERO, A. (2008). Response of <em>Pinus sylvestris<\/em> roots to sheet-erosion exposure: an anatomical approach. <em>Natural Hazards and Earth System Sciences<\/em>, 8, 223-231. March 2008.<\/p>\n<p>GLADE, T. &amp; D\u00cdEZ-HERRERO, A. (2008). Natural Disasters in Geomorphology. Preface. <em>Natural Hazards<\/em>, 45(2), 139-143. May 2008, Springer Science+Business.<\/p>\n<p>BALLESTEROS, J.A.; BODOQUE, J.M. y D\u00cdEZ-HERRERO, A. (2008). Dendrogeomorfolog\u00eda: los \u00e1rboles como fuente de conocimiento de los desastres naturales. <em>La Cultura del \u00c1rbol<\/em>, <em>Revista de Arboricultura<\/em>, 52 (octubre 2008), 4-10. ISSN: 1576-2777; D.L. V-5435-1999. <a href=\"http:\/\/www.andresdiezherrero.es\/publicaciones\/\/articulos_en_revistas\/ballesteros_et_al_2008_la_cultura_del_arbol.pdf\" target=\"_top\">PDF<\/a><\/p>\n<p>BODOQUE, J.M.; RUBIALES, J.M.; BALLESTEROS, J.A. y D\u00cdEZ-HERRERO, A. (2008). Evaluaci\u00f3n de la erosi\u00f3n h\u00eddrica laminar mediante an\u00e1lisis dendrogeomorfol\u00f3gico de ra\u00edces expuestas. <em>II Reuni\u00f3n del Grupo de Trabajo de Hidrolog\u00eda Forestal de la Sociedad Espa\u00f1ola de Ciencias Forestales (SECF)<\/em>, Volumen de res\u00famenes, Madrid, 25 y 26 de septiembre de 2008, 7 pp. <a href=\"http:\/\/www.andresdiezherrero.es\/publicaciones\/\/comunicaciones\/bodoque_et_al_2008_raices_secf.pdf\" target=\"_blank\">PDF<\/a><\/p>\n<p>D\u00cdEZ-HERRERO, A. (2008). Introducci\u00f3n a la Dendrogeomorfolog\u00eda y sus aplicaciones. <em>Jornada sobre Dendrogeomorfolog\u00eda. Los \u00e1rboles, fuente de conocimiento sobre los procesos y desastres naturales<\/em>. Servicio de Medio Ambiente, Diputaci\u00f3n de Toledo. Libro de Documentaci\u00f3n, p\u00e1gina 31. <a href=\"http:\/\/www.andresdiezherrero.es\/publicaciones\/\/resumenes_y_abstracts\/jornada_sobre_dendrogeomorfologia_dendro_avenidas.pdf\" target=\"_blank\">PDF<\/a><\/p>\n<p>BODOQUE J., BALLESTEROS J., RUBIALES J., MART\u00cdN-DUQUE J., D\u00cdEZ-HERRERO A., GENOVA M. (2009). Re-evaluating sheet erosion rates in a popular trekking trail located at the Spanish Central System. Human Impact on the Landscape. Poster. <em>Abstracts 7th International Conference on Geomorphology<\/em> (ANZIAG) 6 &#8211; 11 July, 2009, Ancient Landscapes &#8211; Modern Perspectives, Australian and New Zealand Geomorphology Group (Inc.) Registered No. A0044686A. <a href=\"http:\/\/www.andresdiezherrero.es\/publicaciones\/\/resumenes_y_abstracts\/bodoque_et_al_2009_reevaluating_7_icg_350.pdf\" target=\"_blank\">PDF<\/a><\/p>\n<p>RUIZ-VILLANUEVA,V.; MART\u00cdNEZ D\u00cdAZ, J.J.; \u00c1LVAREZ G\u00d3MEZ, J.A.; G\u00c9NOVA, M..M..; D\u00cdEZ-HERRERO, A. (2010). Aplicaci\u00f3n de m\u00e9todos dendrogeomorfol\u00f3gicos a la dataci\u00f3n de eventos s\u00edsmicos: terremoto de El Salvador, febrero de 2001. En: X. \u00daBEDA, D. VERICAT, R.J. BATALLA (Eds), <em>Avances de la Geomorfolog\u00eda en Espa\u00f1a, 2008-2010<\/em>. pp. 517-520. XI Reuni\u00f3n Nacional de Geomorfolog\u00eda, 20-24 septiembre de 2010. UB, CTFC, ULl y SEG, Solsona (L\u00e9rida). D.L.: B-61.451-2010; ISBN: 978-84-693-4551-1. <a href=\"http:\/\/www.andresdiezherrero.es\/publicaciones\/capitulos_de_libros\/ruiz_villanueva_et_al_2010_solsona_el_salvador.pdf\" target=\"_blank\">PDF<\/a><\/p>\n<p>LA\u00cdN HUERTA, L. (Dtor.), LLORENTE ISIDRO, M.; D\u00cdEZ HERRERO, A.; RUBIO NAVAS, J.; MALDONADO ZAMORA, A.; GALERA FERN\u00c1NDEZ, J.M.; ARRIBAS P\u00c9REZ DE \u00d3BANOS, J. (2011). <em>Mapas de peligrosidad geol\u00f3gica en el t\u00e9rmino municipal de Albu\u00f1ol (Granada)<\/em>. Informes T\u00e9cnicos IGME n\u00ba 3, Publicaciones del Instituto Geol\u00f3gico y Minero de Espa\u00f1a. Edici\u00f3n en CD-ROM. ISSN: 1889-576X; ISBN: 978-84-7840-864-1; NIPO: 474-11-013-9; D.L. M-23017-2011.<\/p>\n<p>BODOQUE DEL POZO, J.M.; BALLESTEROS C\u00c1NOVAS, J.A.; D\u00cdEZ HERRERO, A.; RUIZ VILLANUEVA, V.; NADAL ROMERO, M.E.; G\u00c9NOVA F\u00daSTER, M.; RUBIALES JIM\u00c9NEZ J.M.; BAEZA CHICO, E.; HERN\u00c1NDEZ RUIZ, M. (2012). Nueva propuesta para la mejora de la estimaci\u00f3n de tasas de erosi\u00f3n h\u00eddrica mediante t\u00e9cnicas dendrogeomorfol\u00f3gicas. En: A. Gonz\u00e1lez D\u00edez (Coord.), <em>Avances de la Geomorfolog\u00eda de Espa\u00f1a<\/em>, pp. 207-210. Actas de la XII Reuni\u00f3n Nacional de Geomorfolog\u00eda, Santander, 17-20 septiembre de 2012. PUbliCan Ediciones, Universidad de Cantabria, Santander, 690 pp. ISBN 978-84-86116-54-5; DL SA 446-2012.<\/p>\n<p>BALLESTEROS C\u00c1NOVAS, J.A.; BODOQUE DEL POZO, J.M.; D\u00cdEZ HERRERO, A.; RUIZ VILLANUEVA, V.; NADAL ROMERO, M.E.; G\u00c9NOVA F\u00daSTER, M.; RUBIALES JIM\u00c9NEZ J.M.; BAEZA CHICO, E.; HERN\u00c1NDEZ RUIZ, M.; GUTI\u00c9RREZ P\u00c9REZ, I. (2012). Investigaciones dendrogeomorfol\u00f3gicas aplicadas a la gesti\u00f3n de los impactos por erosi\u00f3n h\u00eddrica acelerada de suelos en las sendas del parque nacional de Monfrag\u00fce (C\u00e1ceres). <em>XI Congreso Nacional de Medio Ambiente (CONAMA 2012)<\/em>, Madrid del 26 al 30 de noviembre de 2012. 21 p\u00e1ginas. ISBN: 978-84-695-6377-9.<\/p>\n<p>S\u00c1NCHEZ, N. (Coord.); D\u00cdEZ HERRERO, A. (2012). GT-17. Riesgos ambientales: Su gesti\u00f3n en un mundo globalizado. Documento preliminar del grupo de trabajo. <em>XI Congreso Nacional de Medio Ambiente (CONAMA 2012)<\/em>, Madrid del 29 de noviembre de 2012. 22 p\u00e1ginas. ISBN: 978-84-695-6377-9.<\/p>\n<p>MORENO CARRERO, A.L.; GARZ\u00d3N HEYDT, G.; DIEZ HERRERO, A. (2013). An\u00e1lisis e interpretaci\u00f3n geol\u00f3gica del fondo documental FRT sobre eventos de movimientos de ladera en Espa\u00f1a en el siglo XIX. En: E. ALONSO, J. COROMINAS, M. H\u00dcRLIMANN (Eds.), <em>VIII Simposio Nacional sobre Taludes y Laderas Inestables<\/em>, volumen I, 231-242. Centre Internacional de Metodes Numerics en Enginyeria (CIMNE), Barcelona. Palma de Mallorca, 11 al 14 de junio de\u00a0 2013. ISBN: 978-84-941407-2-3. DL\u00a0 B-12795-2013.<\/p>\n<p>BALLESTEROS, J.A.; BODOQUE, J.M.; LUC\u00cdA, A.; MART\u00cdN-DUQUE, J.F.; D\u00cdEZ-HERRERO, A.; RUIZ-VILLANUEVA, V.; RUBIALES, J.M.; G\u00c9NOVA, M.M. (2013). Dendrogeomorphology in badlands: methods, case studies and prospects. <em>Catena<\/em> 106, 113-122.<\/p>\n<p>D\u00cdEZ-HERRERO, A.; GALISTEO, M.;\u00a0 MORENO, A.L.; GARZ\u00d3N, M.G.; GARC\u00cdA L\u00d3PEZ-DAVALILLO, J.C.; y FERRER, M. (2014). El fondo documental FRT de movimientos de ladera en Espa\u00f1a durante el siglo XIX y su implementaci\u00f3n inform\u00e1tica en la base de datos del IGME. En: S. SCHNABEL y \u00c1. G\u00d3MEZ GUTI\u00c9RREZ (Eds.), <em>Avances de la Geomorfolog\u00eda en Espa\u00f1a 2012-2014<\/em>, pp. 360-363, XIII Reuni\u00f3n Nacional de Geomorfolog\u00eda, Universidad de Extremadura y Sociedad Espa\u00f1ola de Geomorfolog\u00eda, C\u00e1ceres. ISBN: 978-84-617-1123-9.<\/p>\n<p>D\u00cdEZ HERRERO, A. (2014). Presentaci\u00f3n (pp. v-viii) y Origen y caracter\u00edsticas b\u00e1sicas del fondo documental (3-4). En: RODR\u00cdGUEZ DE LA TORRE, F. (2014), <em>Aportaci\u00f3n documental para un cat\u00e1logo de deslizamientos, desprendimientos, hundimientos, falsos sismos y otros movimientos del terreno en Espa\u00f1a durante el siglo XIX<\/em>. Serie: Riesgos Geol\u00f3gicos\/Geotecnia n\u00ba 3. Publicaciones del Instituto Geol\u00f3gico y Minero de Espa\u00f1a. Madrid, 259 p\u00e1gs. ISBN 978-84-7840- 939-6; N.I.P.O.: 728130408; Dep\u00f3sito Legal: M-28853-2014.<\/p>\n<p>BODOQUE, J.M.; BALLESTEROS-C\u00c1NOVAS, J.A.; LUC\u00cdA, A.; D\u00cdEZ-HERRERO, A. and MART\u00cdN-DUQUE, J.M. (2015). Source of error and uncertainty in sheet erosion rates estimated from dendrogeomorphology. <em>Earth Surface Processes and Landforms,<\/em> 40(9), 1146-1157.<\/p>\n<p>G\u00c9NOVA, M., MU\u00d1OZ, E., MORENO, M.A., RODR\u00cdGUEZ-PASCUA, M.A., PERUCHA, M.A., D\u00cdEZ-HERRERO, A. (2015). Combining dendrochronological and archaeoseismological methods for studying the effects of Lisbon 1755 earthquake on the Segovia\u2019s Cathedral (Central Spain). En: HEVIA, A., S\u00c1NCHEZ-SALGUERO, R. (eds), <em>Tree rings in archaeology, climatology and ecology (TRACE 2015)<\/em>. Abstract volume, P17. Universidad Pablo de Olavide &amp; Association for Tree-Ring Research, 20\u201323 May 2015, Sevilla, Spain.<\/p>\n<p>RODR\u00cdGUEZ-PASCUA, M.A., PERUCHA, M.A., SILVA, P.G., GINER ROBLES, J.L., P\u00c9REZ-L\u00d3PEZ, R., D\u00cdEZ HERRERO, A. (2015). Efectos arqueosismol\u00f3gicos del terremoto de Lisboa (1755) en el patrimonio hist\u00f3rico de la ciudad de Segovia (Espa\u00f1a). <em>XIV Reuni\u00f3n Nacional de Cuaternario<\/em>, Granada 2015, 4 pp.<\/p>\n<p>RODR\u00cdGUEZ PASCUA, M.A.; D\u00cdEZ-HERRERO, A.; P\u00c9REZ-L\u00d3PEZ, R.; S\u00c1NCHEZ-JIM\u00c9NEZ, N. (2018). El ge\u00f3logo en los riesgos naturales. En: REGUEIRO, M. (Coord.), <em>La profesi\u00f3n de ge\u00f3logo<\/em>. Ilustre Colegio Oficial de Ge\u00f3logos, segunda edici\u00f3n, Madrid, pp.\u00a0 17-41.<\/p>\n","protected":false},"excerpt":{"rendered":"<p>Para descargar las publicaciones que carecen de derechos de distribuci\u00f3n, dirigirse al perfil en la red social de investigadores ResearchGate: https:\/\/www.researchgate.net\/profile\/Andres_Diez-Herrero &nbsp; DIEZ, A. y MARTIN, J.F. (1993). Fen\u00f3menos gravitacionales en el entorno de la ciudad de Segovia: an\u00e1lisis de riesgos y aplicaci\u00f3n a la ordenaci\u00f3n territorial. En ORTIZ, R. (Ed.). Problem\u00e1tica geoambiental y desarrollo,&hellip; <a class=\"more-link\" href=\"https:\/\/andresdiezherrero.es\/web\/riesgos\/riesgos-naturales\">Seguir leyendo <span class=\"screen-reader-text\">Otros riesgos naturales<\/span><\/a><\/p>\n","protected":false},"author":4,"featured_media":0,"parent":119,"menu_order":8,"comment_status":"closed","ping_status":"closed","template":"no-sidebars.php","meta":{"footnotes":""},"class_list":["post-20","page","type-page","status-publish","hentry","entry"],"_links":{"self":[{"href":"https:\/\/andresdiezherrero.es\/web\/wp-json\/wp\/v2\/pages\/20"}],"collection":[{"href":"https:\/\/andresdiezherrero.es\/web\/wp-json\/wp\/v2\/pages"}],"about":[{"href":"https:\/\/andresdiezherrero.es\/web\/wp-json\/wp\/v2\/types\/page"}],"author":[{"embeddable":true,"href":"https:\/\/andresdiezherrero.es\/web\/wp-json\/wp\/v2\/users\/4"}],"replies":[{"embeddable":true,"href":"https:\/\/andresdiezherrero.es\/web\/wp-json\/wp\/v2\/comments?post=20"}],"version-history":[{"count":3,"href":"https:\/\/andresdiezherrero.es\/web\/wp-json\/wp\/v2\/pages\/20\/revisions"}],"predecessor-version":[{"id":655,"href":"https:\/\/andresdiezherrero.es\/web\/wp-json\/wp\/v2\/pages\/20\/revisions\/655"}],"up":[{"embeddable":true,"href":"https:\/\/andresdiezherrero.es\/web\/wp-json\/wp\/v2\/pages\/119"}],"wp:attachment":[{"href":"https:\/\/andresdiezherrero.es\/web\/wp-json\/wp\/v2\/media?parent=20"}],"curies":[{"name":"wp","href":"https:\/\/api.w.org\/{rel}","templated":true}]}}